2
In base 8, what is 17 - -257?
276
In base 4, what is -2123 + 0?
-2123
In base 6, what is 1154 - -34?
1232
In base 5, what is -141332 - 10?
-141342
In base 11, what is 4 + 6?
a
In base 4, what is -11111 + -13?
-11130
In base 9, what is 44 - -30?
74
In base 6, what is 25 + 101?
130
In base 8, what is 7626 + -4?
7622
In base 3, what is 101012 + 11?
101100
In base 3, what is 22010 + -11?
21222
In base 15, what is -1e8 - 12?
-20a
In base 14, what is -1 - d0?
-d1
In base 9, what is 2 + -61?
-58
In base 3, what is -211 - -1211?
1000
In base 2, what is -101110001100011 - 11?
-101110001100110
In base 16, what is 835 - -4?
839
In base 14, what is 22 - 6?
1a
In base 10, what is -3 - 662?
-665
In base 10, what is 22 + 11?
33
In base 13, what is -6aa - 2?
-6ac
In base 14, what is -a2 + 8?
-98
In base 5, what is -440 + 2?
-433
In base 2, what is 100111001 - 10000?
100101001
In base 5, what is -401 - 10?
-411
In base 15, what is 137 - 4?
133
In base 15, what is -3 + -1644?
-1647
In base 2, what is -101 + 1100100?
1011111
In base 9, what is 3 - 122?
-118
In base 12, what is 10 + -51?
-41
In base 8, what is 117 - -2?
121
In base 6, what is -2 - 144?
-150
In base 8, what is 347 + 5?
354
In base 14, what is -56 - -4?
-52
In base 15, what is -3 - 27?
-2a
In base 15, what is 5 + -41?
-3b
In base 11, what is 10 - -15a9?
1609
In base 5, what is -1 + 332?
331
In base 9, what is -13 - -4?
-8
In base 16, what is 2 - -32?
34
In base 16, what is -5 - -5d?
58
In base 9, what is 81 + 18?
110
In base 9, what is -2 + -57?
-60
In base 9, what is 2 - -158?
161
In base 14, what is -7 - -83?
7a
In base 13, what is -30b + 3?
-308
In base 15, what is -2dab + -4?
-2db0
In base 5, what is -114 - -12244?
12130
In base 8, what is 540 + 31?
571
In base 5, what is -112343 - -10?
-112333
In base 5, what is 11 + 14?
30
In base 15, what is -3 + -1?
-4
In base 4, what is -3230 - 12?
-3302
In base 15, what is -3 - -66?
63
In base 5, what is 212 - -33?
300
In base 11, what is -21 - 200?
-221
In base 8, what is -654 - 20?
-674
In base 10, what is 53 + -20?
33
In base 15, what is 2 + 21?
23
In base 3, what is 101 + 211?
1012
In base 9, what is 5 + -76?
-71
In base 3, what is 12100 - -10?
12110
In base 13, what is -1 + 213?
212
In base 16, what is 808 + -1?
807
In base 11, what is -a92 + -5?
-a97
In base 3, what is 1220 - 12?
1201
In base 13, what is -b0 - 53?
-133
In base 13, what is -3 + -1b6?
-1b9
In base 13, what is -a + 8b?
81
In base 5, what is -12 - -3?
-4
In base 7, what is -135 + -130?
-265
In base 2, what is 100010 + -100?
11110
In base 14, what is 11 + -6?
9
In base 14, what is -16 + -1c?
-34
In base 8, what is 5122 - 14?
5106
In base 15, what is 21 - -5?
26
In base 12, what is 1 - -183?
184
In base 7, what is -102326 - 1?
-102330
In base 6, what is 3 - 105?
-102
In base 8, what is 131 + -3?
126
In base 14, what is -2a2 - 47?
-309
In base 6, what is 5 + -2201?
-2152
In base 11, what is -159 + 2?
-157
In base 8, what is 0 - -546?
546
In base 4, what is 2121 + -3?
2112
In base 4, what is 3002 - 0?
3002
In base 9, what is 31 - -7?
38
In base 9, what is -108 + -113?
-222
In base 16, what is 13 + -105?
-f2
In base 2, what is 101 - 1001011010100?
-1001011001111
In base 3, what is -220 - -101?
-112
In base 15, what is -2 + 29?
27
In base 2, what is 111 - -1001100011?
1001101010
In base 5, what is 1343 + 10?
1403
In base 7, what is -2 - 40045?
-40050
In base 8, what is -1551 - -4?
-1545
In base 7, what is -3 - -426?
423
In base 15, what is -46 + 19?
-2c
In base 16, what is -6 + -20?
-26
In base 2, what is -101001100 - 100010?
-101101110
In base 3, what is 1112 - -20?
1202
In base 10, what is -1 + -253?
-254
In base 2, what is -1000 + 101011001?
101010001
In base 14, what is -104 - 5?
-109
In base 15, what is 37 - -9?
41
In base 16, what is -2de8 + 2?
-2de6
In base 4, what is -1 + -111302?
-111303
In base 16, what is c - f?
-3
In base 14, what is 121 - 44?
bb
In base 16, what is -e8 - 13?
-fb
In base 8, what is 4 - -1357?
1363
In base 13, what is 27 - 3?
24
In base 10, what is 0 - 482?
-482
In base 16, what is -360 - -6?
-35a
In base 8, what is -10 - 20?
-30
In base 11, what is -4 + -88?
-91
In base 2, what is 111 + 101111?
110110
In base 12, what is 61 + -79?
-18
In base 15, what is -1 - -330?
32e
In base 9, what is 115 + 0?
115
In base 16, what is ee + 5?
f3
In base 2, what is -1111100101 - 100?
-1111101001
In base 15, what is 4 + 10?
14
In base 10, what is -169 + 17?
-152
In base 14, what is 7 + -2d3?
-2ca
In base 9, what is 0 + -566?
-566
In base 13, what is -2 - -151?
14c
In base 10, what is 3 - 824?
-821
In base 11, what is 12 + a9?
110
In base 16, what is -3 + -640?
-643
In base 16, what is 6b + -2?
69
In base 14, what is -4 + 152?
14c
In base 14, what is 15 + -4?
11
In base 12, what is 66 - -2?
68
In base 2, what is -10 - -10001000111?
10001000101
In base 13, what is 11a + -1?
119
In base 4, what is 331 - 2?
323
In base 13, what is 11 - -13c?
150
In base 14, what is -1 + -1217?
-1218
In base 12, what is -b7 + 3?
-b4
In base 5, what is 4 - -11421?
11430
In base 4, what is 100322 + -10?
100312
In base 7, what is -264 - 51?
-345
In base 13, what is 2 - -48b?
490
In base 14, what is -16 - -1dd?
1c7
In base 11, what is 5 + -26a5?
-26a0
In base 10, what is 59 + 130?
189
In base 4, what is 11 + 11020?
11031
In base 7, what is 102 + 21?
123
In base 4, what is 32011 + -1?
32010
In base 14, what is a17 + -5?
a12
In base 10, what is 127 + 70?
197
In base 7, what is -40 + 2?
-35
In base 16, what is 1f + 2?
21
In base 7, what is -111 + -114?
-225
In base 4, what is -1023211 + 0?
-1023211
In base 4, what is 300 - -21?
321
In base 2, what is 1 - -1101?
1110
In base 5, what is -3 + 2121?
2113
In base 9, what is -165 - 0?
-165
In base 7, what is 2 + 30?
32
In base 7, what is -564 + -5?
-602
In base 12, what is 771 - -5?
776
In base 5, what is -12 - -44200?
44133
In base 8, what is 3 - -541?
544
In base 14, what is -3 - -112?
10d
In base 8, what is -47 - -30?
-17
In base 16, what is -1 + -5b?
-5c
In base 5, what is 3 - -1044?
1102
In base 11, what is 0 - 11?
-11
In base 16, what is 1f3 + -6?
1ed
In base 13, what is 3 + 22?
25
In base 2, what is 110 - 1100?
-110
In base 16, what is -77 + 2?
-75
In base 4, what is 2 - -21323?
21331
In base 15, what is -7 - 371?
-378
In base 11, what is -720 + -12?
-732
In base 4, what is 3 - -1030?
1033
In base 10, what is 1 - -14?
15
In base 10, what is 3 + -1773?
-1770
In base 15, what is -50 - -1?
-4e
In base 4, what is -112 - 3021?
-3133
In base 8, what is 0 + -564?
-564
In base 5, what is -10 + -12222?
-12232
In base 12, what is 236 - 11?
225
In base 7, what is -4 - 53?
-60
In base 10, what is -83 + 17?
-66
In base 15, what is 1824 - -3?
1827
In base 13, what is -23 + -1b?
-41
In base 7, what is -1 + 4?
3
In base 14, what is 1140 - -6?
1146
In base 15, what is 19 + 1d?
37
In base 14, what is 2 - -47b?
47d
In base 4, what is 10 + -1231?
-1221
In base 5, what is -4 - 403?
-412
In base 4, what is 1 + 1233?
1300
In base 3, what is 10 - 121001?
-120221
In base 12, what is -75 - 4b?
-104
In base 11, what is 1a - 5?
15
In base 4, what is -1 + 133?
132
In base 12, what is 5 + 39?
42
In base 2, what is 100111 + 10001?
111000
In base 8, what is 121 - 4?
115
In base 9, what is -51 + 5?
-45
In base 15, what is -4 - 2a6b?
-2a70
In base 15, what is -94 - a?
-9e
In base 16, what is 30 - -41?
71
In base 7, what is -3 - -162?
156
In base 9, what is 712 + 4?
716
In base 5, what is 1 - 12333?
-12332
In base 4, what is -3 + 12212?
12203
In base 9, what is -18 + -4?
-23
In base 10, what is -37 + 9?
-28
In base 10, what is 472 - -5?
477
In base 3, what is -120 - 20201?
-21021
In base 14, what is -50 - -5c?
c
In base 11, what is -243 - -9?
-235
In base 4, what is 20 - -1211?
1231
In base 15, what is 2 + -3a?
-38
In base 10, what is -3868 + -5?
-3873
In base 13, what is 4 + 1c64?
1c68
In base 16, what is -2 - c3?
-c5
In base 7, what is -415 - -1?
-414
In base 5, what is -104 + -20?
-124
In base 16, what is -8f - -8?
-87
In base 7, what is -15 + -11?
-26
In base 12, what is 1832 - 2?
1830
In base 8, what is -1 - -2377?
2376
In base 16, what is -48e1 - -4?
-48dd
In base 8, what is -63 - -4?
-57
In base 13, what is -209 - -5?
-204
In base 9, what is -1 - -46?
45
In base 9, what is 0 - -